 is the units digit of 5210?
0
What is the hundreds digit of 2630?
6
What is the units digit of 3999?
9
What is the thousands digit of 1143?
1
What is the tens digit of 155655?
5
What is the tens digit of 1331?
3
What is the units digit of 5309?
9
What is the thousands digit of 138320?
8
What is the tens digit of 18556?
5
What is the units digit of 643?
3
What is the hundreds digit of 1297?
2
What is the hundreds digit of 83417?
4
What is the tens digit of 1016?
1
What is the hundreds digit of 2009?
0
What is the units digit of 2404?
4
What is the ten thousands digit of 99481?
9
What is the tens digit of 6708?
0
What is the units digit of 1292?
2
What is the tens digit of 12645?
4
What is the units digit of 732?
2
What is the hundreds digit of 46314?
3
What is the tens digit of 32314?
1
What is the units digit of 28129?
9
What is the ten thousands digit of 134723?
3
What is the tens digit of 315?
1
What is the hundreds digit of 1199?
1
What is the tens digit of 869?
6
What is the hundreds digit of 995?
9
What is the tens digit of 73827?
2
What is the thousands digit of 15655?
5
What is the hundreds digit of 718?
7
What is the hundreds digit of 1891?
8
What is the tens digit of 19322?
2
What is the units digit of 19999?
9
What is the tens digit of 34?
3
What is the ten thousands digit of 18032?
1
What is the units digit of 1521?
1
What is the ten thousands digit of 60294?
6
What is the ten thousands digit of 11272?
1
What is the thousands digit of 1669?
1
What is the units digit of 4140?
0
What is the units digit of 2496?
6
What is the hundreds digit of 973?
9
What is the hundreds digit of 15052?
0
What is the thousands digit of 1200?
1
What is the thousands digit of 12535?
2
What is the units digit of 967?
7
What is the tens digit of 3353?
5
What is the hundreds digit of 18108?
1
What is the thousands digit of 8148?
8
What is the units digit of 504?
4
What is the ten thousands digit of 134987?
3
What is the units digit of 182?
2
What is the tens digit of 541?
4
What is the hundreds digit of 1929?
9
What is the thousands digit of 12486?
2
What is the tens digit of 11268?
6
What is the hundreds digit of 78851?
8
What is the units digit of 787?
7
What is the units digit of 174?
4
What is the hundreds digit of 7285?
2
What is the hundreds digit of 917?
9
What is the units digit of 41617?
7
What is the hundreds digit of 704?
7
What is the thousands digit of 2341?
2
What is the ten thousands digit of 56953?
5
What is the hundreds digit of 875?
8
What is the thousands digit of 6486?
6
What is the hundreds digit of 860?
8
What is the tens digit of 2642?
4
What is the tens digit of 5363?
6
What is the units digit of 4049?
9
What is the tens digit of 22017?
1
What is the tens digit of 1379?
7
What is the tens digit of 828?
2
What is the ten thousands digit of 13299?
1
What is the tens digit of 4992?
9
What is the tens digit of 32942?
4
What is the tens digit of 31102?
0
What is the units digit of 1360?
0
What is the units digit of 601?
1
What is the hundreds digit of 8299?
2
What is the tens digit of 19349?
4
What is the hundreds digit of 51414?
4
What is the units digit of 4830?
0
What is the tens digit of 115124?
2
What is the tens digit of 268?
6
What is the thousands digit of 5221?
5
What is the units digit of 3390?
0
What is the hundreds digit of 78442?
4
What is the tens digit of 1262?
6
What is the units digit of 1310?
0
What is the units digit of 221?
1
What is the thousands digit of 62472?
2
What is the thousands digit of 30896?
0
What is the tens digit of 10784?
8
What is the tens digit of 472?
7
What is the tens digit of 978?
7
What is the hundreds digit of 25862?
8
What is the thousands digit of 20531?
0
What is the tens digit of 13887?
8
What is the hundreds digit of 9262?
2
What is the tens digit of 3721?
2
What is the tens digit of 2356?
5
What is the tens digit of 52595?
9
What is the hundreds digit of 4516?
5
What is the units digit of 45453?
3
What is the tens digit of 1989?
8
What is the tens digit of 18918?
1
What is the tens digit of 3629?
2
What is the hundreds digit of 50874?
8
What is the hundred thousands digit of 175937?
1
What is the tens digit of 9787?
8
What is the units digit of 1525?
5
What is the tens digit of 2540?
4
What is the tens digit of 61501?
0
What is the units digit of 1464?
4
What is the hundreds digit of 8666?
6
What is the tens digit of 1816?
1
What is the hundreds digit of 6123?
1
What is the thousands digit of 76543?
6
What is the ten thousands digit of 11987?
1
What is the units digit of 57449?
9
What is the thousands digit of 1080?
1
What is the ten thousands digit of 16858?
1
What is the units digit of 4708?
8
What is the tens digit of 39759?
5
What is the thousands digit of 6639?
6
What is the units digit of 146755?
5
What is the tens digit of 1119?
1
What is the units digit of 7524?
4
What is the tens digit of 1506?
0
What is the hundreds digit of 73044?
0
What is the hundreds digit of 10218?
2
What is the tens digit of 6779?
7
What is the ten thousands digit of 24681?
2
What is the hundreds digit of 468?
4
What is the thousands digit of 6092?
6
What is the hundred thousands digit of 162440?
1
What is the tens digit of 1227?
2
What is the hundreds digit of 393?
3
What is the tens digit of 10718?
1
What is the units digit of 1201?
1
What is the tens digit of 4331?
3
What is the tens digit of 305?
0
What is the hundreds digit of 1360?
3
What is the units digit of 170?
0
What is the tens digit of 35?
3
What is the units digit of 1818?
8
What is the tens digit of 1766?
6
What is the ten thousands digit of 19178?
1
What is the hundreds digit of 3151?
1
What is the hundreds digit of 9560?
5
What is the hundreds digit of 4856?
8
What is the thousands digit of 104602?
4
What is the units digit of 821?
1
What is the thousands digit of 2794?
2
What is the tens digit of 20926?
2
What is the thousands digit of 6668?
6
What is the ten thousands digit of 79258?
7
What is the tens digit of 56619?
1
What is the tens digit of 169003?
0
What is the thousands digit of 87020?
7
What is the hundreds digit of 9661?
6
What is the tens digit of 312?
1
What is the units digit of 581?
1
What is the tens digit of 7142?
4
What is the ten thousands digit of 11757?
1
What is the units digit of 17750?
0
What is the units digit of 673?
3
What is the hundreds digit of 535?
5
What is the tens digit of 1147?
4
What is the tens digit of 1408?
0
What is the thousands digit of 33509?
3
What is the hundreds digit of 3499?
4
What is the ten thousands digit of 42169?
4
What is the hundreds digit of 4714?
7
What is the tens digit of 118250?
5
What is the ten thousands digit of 75721?
7
What is the tens digit of 7289?
8
What is the hundreds digit of 41493?
4
What is the units digit of 138712?
2
What is the ten thousands digit of 13577?
1
What is the units digit of 150?
0
What is the thousands digit of 10790?
0
What is the tens digit of 16045?
4
What is the hundreds digit of 2335?
3
What is the thousands digit of 10769?
0
What is the hundreds digit of 523?
5
What is the thousands digit of 16411?
6
What is the thousands digit of 16956?
6
What is the hundreds digit of 60467?
4
What is the thousands digit of 49325?
9
What is the hundreds digit of 9775?
7
What is the units digit of 1850?
0
What is the units digit of 23670?
0
What is the units digit of 31198?
8
What is the units digit of 740?
0
What is the thousands digit of 88754?
8
What is the hundreds digit of 14373?
3
What is the hundreds digit of 2189?
1
What is the hundreds digit of 3781?
7
What is the hundreds digit of 1097?
0
What is the units digit of 97237?
7
What is the units digit of 3163?
3
What is the hundreds digit of 20395?
3
What is the hundreds digit of 6836?
8
What is the tens digit of 5359?
5
What is the units digit of 1115?
5
What is the units digit of 537?
7
What is the units digit of 5553?
3
What is the hundreds digit of 83221?
2
What is the thousands digit of 1285?
1
What is the units digit of 116431?
1
What is the hundreds digit of 310?
3
What is the hundreds digit of 1562?
5
What is the ten thousands digit of 17734?
1
What is the tens digit of 1789?
8
What is the units digit of 4926?
6
What is the units digit of 39376?
6
What is the units digit of 831?
1
What is the hun